?
24
What is the highest common factor of 153 and 9?
9
What is the highest common divisor of 980 and 392?
196
What is the highest common factor of 976 and 32?
16
What is the highest common factor of 378 and 84?
42
What is the highest common divisor of 20 and 1570?
10
Calculate the highest common divisor of 152 and 38.
38
Calculate the highest common factor of 1742 and 335.
67
Calculate the greatest common divisor of 32 and 800.
32
Calculate the highest common divisor of 240 and 36.
12
Calculate the highest common factor of 222 and 19018.
74
Calculate the greatest common divisor of 7429 and 19.
19
What is the greatest common divisor of 52 and 3068?
52
Calculate the greatest common factor of 1271 and 124.
31
Calculate the greatest common divisor of 5 and 955.
5
What is the greatest common divisor of 2336 and 32?
32
Calculate the greatest common divisor of 21 and 273.
21
Calculate the greatest common factor of 40 and 2110.
10
Calculate the greatest common factor of 440 and 6820.
220
What is the highest common factor of 819 and 126?
63
What is the highest common divisor of 56 and 154?
14
Calculate the highest common factor of 372 and 279.
93
Calculate the highest common divisor of 68 and 2108.
68
Calculate the greatest common factor of 92 and 2162.
46
Calculate the highest common factor of 62 and 527.
31
Calculate the greatest common divisor of 8503 and 11.
11
What is the highest common divisor of 2825 and 904?
113
What is the highest common factor of 20 and 3260?
20
What is the greatest common divisor of 406 and 580?
58
Calculate the highest common divisor of 12 and 36.
12
What is the greatest common factor of 21 and 45?
3
What is the greatest common factor of 707 and 7?
7
What is the greatest common factor of 162 and 1890?
54
Calculate the greatest common factor of 261 and 33147.
261
What is the greatest common divisor of 12610 and 455?
65
Calculate the greatest common divisor of 770 and 35.
35
Calculate the greatest common divisor of 49152 and 3.
3
Calculate the greatest common divisor of 105 and 42.
21
Calculate the highest common divisor of 610 and 40.
10
What is the greatest common divisor of 15 and 2?
1
Calculate the greatest common divisor of 969 and 171.
57
Calculate the highest common factor of 602 and 430.
86
Calculate the greatest common divisor of 1798 and 124.
62
Calculate the greatest common factor of 12 and 852.
12
Calculate the greatest common factor of 627 and 684.
57
Calculate the highest common divisor of 78 and 2756.
26
Calculate the highest common divisor of 352 and 22.
22
What is the greatest common factor of 58 and 2?
2
What is the highest common factor of 72 and 27?
9
Calculate the greatest common factor of 5618 and 1696.
106
Calculate the greatest common divisor of 732 and 780.
12
What is the greatest common factor of 1080 and 16?
8
What is the highest common factor of 57 and 1121?
19
Calculate the highest common divisor of 1185 and 12.
3
Calculate the greatest common divisor of 311 and 5.
1
What is the highest common divisor of 47 and 94?
47
What is the greatest common divisor of 1968 and 1230?
246
What is the highest common factor of 13 and 1703?
13
What is the greatest common factor of 44 and 1276?
44
What is the highest common divisor of 11842 and 744?
62
Calculate the highest common divisor of 117 and 13.
13
What is the greatest common factor of 318 and 6?
6
What is the greatest common divisor of 836 and 152?
76
Calculate the greatest common divisor of 8580 and 104.
52
Calculate the highest common factor of 66 and 138.
6
Calculate the highest common factor of 51 and 561.
51
What is the greatest common factor of 385 and 105?
35
What is the greatest common factor of 200 and 125?
25
Calculate the greatest common divisor of 46 and 46.
46
What is the greatest common factor of 153 and 378?
9
What is the highest common factor of 138 and 368?
46
What is the greatest common factor of 116 and 4?
4
Calculate the highest common factor of 72 and 136.
8
Calculate the greatest common divisor of 140 and 252.
28
What is the greatest common divisor of 140 and 1505?
35
What is the highest common divisor of 32 and 13856?
32
Calculate the highest common divisor of 32630 and 52.
26
What is the greatest common factor of 82 and 1681?
41
Calculate the greatest common factor of 395 and 10.
5
Calculate the highest common divisor of 48 and 588.
12
What is the greatest common divisor of 164 and 205?
41
Calculate the highest common divisor of 3 and 81.
3
What is the highest common divisor of 1990 and 30?
10
Calculate the greatest common divisor of 816 and 24.
24
What is the highest common factor of 24596 and 104?
52
Calculate the highest common divisor of 1917 and 71.
71
Calculate the highest common factor of 6 and 1518.
6
Calculate the highest common factor of 224 and 832.
32
Calculate the greatest common divisor of 7 and 1162.
7
What is the highest common divisor of 384 and 12?
12
What is the greatest common divisor of 750 and 150?
150
Calculate the highest common divisor of 992 and 31.
31
Calculate the greatest common factor of 3141 and 72.
9
What is the greatest common divisor of 315 and 147?
21
Calculate the greatest common divisor of 15 and 45.
15
What is the highest common factor of 798 and 63?
21
Calculate the highest common divisor of 1262 and 4.
2
What is the highest common factor of 156 and 1768?
52
What is the highest common divisor of 45 and 50?
5
Calculate the greatest common divisor of 54 and 66.
6
Calculate the greatest common divisor of 1147 and 31.
31
What is the greatest common factor of 28 and 16?
4
What is the greatest common divisor of 2422 and 14?
14
What is the greatest common factor of 13 and 65?
13
What is the greatest common factor of 451 and 22?
11
Calculate the greatest common factor of 170 and 306.
34
Calculate the highest common divisor of 333 and 74.
37
Calculate the highest common factor of 22 and 4642.
22
Calculate the highest common factor of 286 and 39.
13
Calculate the highest common factor of 12314 and 94.
94
What is the greatest common factor of 5511 and 3?
3
Calculate the highest common divisor of 28 and 3101.
7
What is the highest common factor of 2364 and 12?
12
Calculate the highest common factor of 767 and 637.
13
What is the greatest common divisor of 860 and 4?
4
What is the greatest common factor of 679 and 35?
7
What is the greatest common divisor of 32 and 1088?
32
What is the highest common divisor of 2142 and 63?
63
What is the highest common factor of 1651 and 208?
13
What is the greatest common factor of 350 and 50?
50
Calculate the highest common factor of 406 and 98.
14
What is the greatest common divisor of 48 and 324?
12
Calculate the highest common factor of 48 and 432.
48
Calculate the highest common divisor of 11 and 781.
11
Calculate the greatest common factor of 144 and 2832.
48
What is the greatest common divisor of 7 and 2?
1
What is the highest common factor of 260 and 20?
20
What is the greatest common divisor of 104 and 7618?
26
What is the highest common factor of 540 and 420?
60
What is the highest common divisor of 16 and 80?
16
Calculate the greatest common divisor of 93 and 12927.
93
Calculate the highest common divisor of 16 and 64.
16
Calculate the greatest common divisor of 6 and 4.
2
What is the highest common factor of 38 and 392?
2
What is the highest common divisor of 115 and 45?
5
Calculate the greatest common factor of 140 and 42.
14
Calculate the highest common factor of 5370 and 50.
10
Calculate the greatest common divisor of 24 and 3600.
24
Calculate the greatest common divisor of 19 and 551.
19
What is the greatest common divisor of 230 and 65?
5
What is the highest common divisor of 28 and 154?
14
What is the greatest common divisor of 1480 and 120?
40
What is the highest common factor of 2278 and 67?
67
What is the highest common divisor of 3051 and 3?
3
Calculate the highest common factor of 56 and 8.
8
What is the highest common divisor of 124 and 217?
31
What is the highest common factor of 720 and 45?
45
Calculate the highest common divisor of 56 and 868.
28
Calculate the greatest common divisor of 205 and 16.
1
What is the greatest common factor of 1691 and 38?
19
Calculate the greatest common factor of 37 and 999.
37
Calculate the greatest common div